-30).
-4146
Let k(t) = t**3 - 32*t**2 - 56*t + 2362. Give k(31).
-335
Let y(u) = 26124*u - 182870. Calculate y(7).
-2
Let c(m) = 3*m**3 - 539*m**2 - 5092*m + 17. Calculate c(-9).
-1
Let h(w) = 2948551*w + 8845603. Calculate h(-3).
-50
Let n(s) = 2*s**2 + 974*s + 3913. What is n(-483)?
49
Let p(u) = 5*u**2 + 311*u - 1592. Determine p(-67).
16
Let s(o) = -138*o**2 - 2028*o + 27. What is s(-15)?
-603
Let i(h) = -3*h**2 + 1820*h + 83726. Give i(-43).
-81
Let m(q) = 1795*q + 670857. Determine m(-374).
-473
Let i(d) = -3*d**2 - 6836*d - 255420. Give i(-38).
16
Let q(j) = j**2 + 13*j - 343. Determine q(-19).
-229
Let o(j) = 3*j**2 + 8409*j + 5869106. Give o(-1490).
-4
Let w(u) = -5*u**3 - 1715*u**2 + 22*u + 8760. Give w(-343).
1214
Let s(y) = y**3 - 96*y**2 - 22321*y + 2551. Determine s(-109).
-65
Let q(b) = -5*b**3 - 142*b**2 - 22*b + 760. Calculate q(-28).
-192
Let t(o) = 3*o**2 - 118*o - 1370. What is t(-13)?
671
Let g(n) = 17*n**2 + 307*n - 41. Determine g(-18).
-59
Let a(x) = -4*x**2 + 163*x + 104. What is a(42)?
-106
Let l(m) = -m**3 + 138*m**2 - 2814*m - 1225. Determine l(113).
18
Let d(s) = 2*s**2 - 243*s - 6002. Calculate d(-21).
-17
Let v(p) = -5*p**2 + 3127*p - 12439. What is v(4)?
-11
Let y(j) = 95*j**3 - 2100*j - 4207. Calculate y(-2).
-767
Let o(c) = 93*c - 2382. What is o(27)?
129
Let p(b) = -b**3 + 698*b**2 + 810*b - 77497. Determine p(699).
92
Let p(n) = -n**3 + 42*n**2 + 70*n - 1274. Give p(5).
1
Let k(o) = -6*o**2 - 107*o - 300. What is k(-3)?
-33
Let l(m) = 4054*m**3 + 12*m**2 - 10*m - 2. Determine l(1).
4054
Let f(g) = g**3 + 24*g**2 + 164*g + 892. Calculate f(-18).
-116
Let q(f) = -f**2 - 104*f - 1816. Determine q(-19).
-201
Let g(r) = 261289*r + 22732148. Determine g(-87).
5
Let n(m) = -358*m - 62980. Determine n(-176).
28
Let m(l) = 27*l**2 - 655*l - 6976. Determine m(-8).
-8
Let l(i) = -49978*i + 250186. Determine l(5).
296
Let b(k) = 46*k**2 + 1287*k - 2761. Calculate b(-30).
29
Let z(c) = c**3 - 148*c**2 + 1838*c - 60. What is z(14)?
-592
Let l(d) = 318248*d - 3500755. Give l(11).
-27
Let z(n) = 11*n**2 - 491*n + 4284. What is z(12)?
-24
Let g(b) = 1216*b - 19512. Determine g(17).
1160
Let l(x) = 3*x**3 - 103*x**2 + 158*x - 3. What is l(33)?
855
Let r(x) = -3985*x - 976315. What is r(-245)?
10
Let j(u) = -u**2 + 1466*u + 38795. Give j(-26).
3
Let h(c) = -2*c**2 + 104*c + 20724. Determine h(-79).
26
Let s(x) = x**3 + 180*x**2 - 2276*x - 249947. Determine s(-185).
-12
Let f(a) = -10*a**3 - 22*a**2 - 6*a + 31. Give f(-4).
343
Let d(j) = 5602*j + 16968455. Give d(-3029).
-3
Let x(a) = -55*a**2 + 992*a + 1176. Calculate x(19).
169
Let z(q) = -3*q**2 + 3043*q + 9127. Give z(-3).
-29
Let h(b) = -b**3 + 262*b**2 + 2163*b + 18. Calculate h(-8).
-6
Let n(k) = -608*k - 2737. Determine n(0).
-2737
Let o(p) = 412*p + 4854. Determine o(-15).
-1326
Let y(u) = 63940*u + 7417035. What is y(-116)?
-5
Let s(r) = -1313*r - 15082. What is s(-12)?
674
Let i(x) = -52*x**2 + 8430*x - 962. Determine i(162).
10
Let m(r) = -r**3 - 175*r**2 + 216*r + 6702. Determine m(-176).
-338
Let k(n) = -n**2 - 37*n + 90. Give k(-36).
126
Let g(h) = 212*h**2 - 10805*h - 384. Determine g(51).
-27
Let w(l) = 120*l**2 - 69*l + 4. What is w(3)?
877
Let l(f) = -3*f**3 - 218*f**2 + 488*f - 2680. What is l(-75)?
95
Let h(w) = -3*w**2 + 914*w + 11404. Determine h(-12).
4
Let w(m) = m**3 - 283*m**2 - 262*m + 960. Determine w(284).
7208
Let n(k) = -6*k**3 - 428*k**2 + 285*k - 114. Determine n(-72).
102
Let y(k) = k**3 + 24*k**2 - 582*k + 2195. Calculate y(-40).
-125
Let y(w) = 18*w**2 - 251*w - 385. What is y(15)?
-100
Let v(g) = -31*g**3 + 37*g**2 - 66*g - 104. What is v(-1)?
30
Let t(a) = a**2 + 6833*a - 82133. Determine t(12).
7
Let h(t) = t**3 - 98*t**2 - 437*t + 33456. Give h(99).
-6
Let w(l) = l**2 - 16883*l + 101271. Calculate w(6).
9
Let o(d) = 3*d**2 + 5073*d + 85383. What is o(-17)?
9
Let k(t) = -3630*t - 159477. What is k(-44)?
243
Let a(x) = 1085*x + 10073. What is a(-9)?
308
Let w(h) = 188*h**2 - 104338*h - 969. Calculate w(555).
141
Let s(f) = 12*f**3 + 55*f**2 - 781*f - 3775. What is s(-5)?
5
Let v(a) = 2120*a - 27840. Give v(13).
-280
Let c(u) = -4*u**3 + 2*u**2 - 27*u - 2398. Calculate c(0).
-2398
Let a(q) = 4*q**2 + 322*q - 8885. What is a(-102)?
-113
Let t(r) = 47*r**2 - 562*r - 1138. Determine t(14).
206
Let i(u) = -5*u**3 - 148*u**2 + 437*u - 4057. What is i(-33)?
35
Let z(l) = 39*l**2 - 120*l + 74. Give z(5).
449
Let s(t) = -t**3 - 309*t**2 + 44*t + 13597. Calculate s(-309).
1
Let l(o) = -37*o**2 + 489*o - 23. Give l(17).
-2403
Let a(y) = -112*y**2 + 75720*y + 70400. Determine a(677).
-8
Let z(d) = -535*d**3 - 2127*d**2 - 7*d - 28. Determine z(-4).
208
Let v(i) = -628*i**2 + 89234*i - 8239. Calculate v(142).
-3
Let n(u) = -33557*u - 771719. Give n(-23).
92
Let i(b) = 19*b**3 + 25*b**2 + 282*b - 305. Determine i(1).
21
Let n(o) = 4*o**3 - 77*o**2 - 902*o + 16841. Calculate n(20).
1
Let t(d) = 2422*d - 67827. Give t(28).
-11
Let z(u) = -326*u + 13711. Determine z(41).
345
Let g(q) = -3*q**3 - 29*q**2 + 846*q + 3651. Determine g(-4).
-5
Let k(q) = 4*q**2 - 37921*q + 1510431. Give k(40).
-9
Let k(z) = -1140*z - 177092. Give k(-154).
-1532
Let y(b) = -5759*b + 2695218. Give y(468).
6
Let y(q) = -3*q**3 + 13*q**2 + 32*q + 12. Determine y(7).
-156
Let s(l) = -54409*l - 12405262. What is s(-228)?
-10
Let c(s) = -92*s + 5037. What is c(56)?
-115
Let j(v) = 22829*v + 205448. Determine j(-9).
-13
Let p(t) = -2*t**3 + 67*t**2 + 1871*t - 62942. Give p(32).
2
Let a(v) = -40604*v + 162391. Determine a(4).
-25
Let d(i) = 17664*i - 141304. Determine d(8).
8
Let a(d) = d**3 - 13*d**2 + 3*d + 450. Calculate a(12).
342
Let l(d) = -d**2 + 603*d + 2362. Give l(-4).
-66
Let s(d) = d**3 - 13*d**2 + 12*d. Determine s(13).
156
Let a(b) = -184754*b + 369513. What is a(2)?
5
Let l(a) = 23*a - 3054. Calculate l(128).
-110
Let s(x) = 3843*x - 7685. Give s(2).
1
Let x(s) = 8*s**2 - 44*s - 911. Calculate x(-17).
2149
Let w(f) = 287600*f - 3738802. Determine w(13).
-2
Let x(p) = -445*p**2 + 3143*p - 285. Give x(7).
-89
Let i(u) = -u**3 + 16*u**2 + 159*u - 44. Calculate i(-7).
-30
Let c(o) = -626*o + 25624. Give c(45).
-2546
Let i(r) = -r**3 + 207*r**2 + 1639*r + 17463. Calculate i(215).
48
Let n(c) = -c**3 + 209*c**2 - 2379*c + 2958. Give n(197).
3
Let r(t) = -3*t**3 + 5*t**2 + 82*t + 53. Give r(-4).
-3
Let i(v) = -596*v - 5364. Determine i(-9).
0
Let r(h) = -489*h - 9851. Determine r(-21).
418
Let y(w) = 466*w - 306. Calculate y(1).
160
Let q(f) = -f**3 + 736*f**2 + 7417*f + 32090. What is q(746)?
12
Let k(c) = -2105*c**3 - c**2 + 133*c - 133. Determine k(1).
-2106
Let o(h) = 3911*h - 148645. What is o(38)?
-27
Let q(j) = 22835*j + 2854380. Calculate q(-125).
5
Let s(f) = 3297*f + 3389. Give s(-1).
92
Let x(r) = -r**3 + 270*r**2 - 1648*r + 15563. Calculate x(264).
-1333
Let k(c) = c**3 - 182*c**2 + 160*c + 3200. What is k(181)?
-601
Let p(j) = -j**3 - 314*j**2 + 637*j + 1517. Give p(-316).
-63
Let i(s) = -737*s - 33138. Determine i(-48).
2238
Let o(l) = l**3 + 4*l**2 - 57*l + 6307. Determine o(-21).
7
Let g(r) = -2219*r + 102076. Calculate g(46).
2
Let z(j) = -44638*j - 4954843. Give z(-111).
-25
Let a(i) = 622131*i + 2488532. Determine a(-4).
8
Let l(m) = -m**2 - 292*m - 23161. What is l(-156)?
-1945
Let y(v) = -6*v**2 - 48268*v + 48270. Calculate y(1).
-4
Let n(s) = 477*s + 21219. What is n(-45)?
-246
Let b(d) = -2*d**3 + 41*d**2 + 196*d - 9. Give b(24).
663
Let y(a) = 583*a - 145324. Give y(249).
-157
Let i(o) = 29*o**2 + 2499*o + 2503. Give i(-1).
33
Let v(j) = 2*j**3 + 7*j**2 + 15*j - 81. What is v(3)?
81
Let v(y) = 4866*y - 44902. Determine v(10).
3758
Let g(r) = -r**3 + 33*r**2 + 633*r - 6565. Calculate g(44).
-9
Let x(n) = -3*n**3 - 434*n**2 - 2365*n - 286. Give x(-139).
-8
Let y(t) = 6*t**3 - 459*t**2 - 1693*t + 1076. What is y(80)?
36
Let o(c) = -536*c + 502. Give o(0).
502
Let o(c) = -13*c**2 - 112*c + 13. Give o(-10).
-167
Let y(t) = 2*t**3 + 255*t**2 + 958*t + 11228. Calculate y(-124).
68
Let u(s) = -47*s - 447. Calculate u(-32).
1057
Let b(v) = 496*v - 5092. Determine b(12).
860
Let g(j) = 8*j**3 - 3*j**2 + 71*j + 232. Determine g(-3).
-224
Let o(b) = 57*b**2 + 2452*b + 52. Give o(-43).
9
Let a(u) = -5377*u - 5324. Calculate a(-1).
53
Let u(p) = 609*p - 9143. What 